{"id":14582,"date":"2024-12-16T13:44:53","date_gmt":"2024-12-16T13:44:53","guid":{"rendered":"https:\/\/obewise.com.br\/index.php\/produto\/fifine-microfone-dinamico-usb-xlr-com-controle-rgb-jack-de-fone-de-ouvido-mudo-microfone-para-gravacao-de-jogos-de-pc-streaming-ampligame-am8\/"},"modified":"2025-10-17T16:03:55","modified_gmt":"2025-10-17T16:03:55","slug":"fifine-microfone-dinamico-usb-xlr-com-controle-rgb-jack-de-fone-de-ouvido-mudo-microfone-para-gravacao-de-jogos-de-pc-streaming-ampligame-am8","status":"publish","type":"product","link":"https:\/\/obewise.com.br\/index.php\/produto\/fifine-microfone-dinamico-usb-xlr-com-controle-rgb-jack-de-fone-de-ouvido-mudo-microfone-para-gravacao-de-jogos-de-pc-streaming-ampligame-am8\/","title":{"rendered":"Microfone Fifine din\u00e2mico USB"},"content":{"rendered":"<div class=\"detailmodule_html\">\n<div class=\"detail-desc-decorate-richtext\">\n<h1><strong>Redu\u00e7\u00e3o eficaz de ru\u00eddo<\/strong><\/h1>\n<p><span style=\"font-size: 18px;\">Diga adeus ao ru\u00eddo de fundo indesejado com o recurso eficaz de redu\u00e7\u00e3o de ru\u00eddo do AM8.O algod\u00e3o \u00e0 prova de vento reduz sons e explosivos, garantindo grava\u00e7\u00f5es de \u00e1udio cristalinas.<\/span><\/p>\n<p>&nbsp;<\/p>\n<p><img decoding=\"async\" src=\"https:\/\/ae01.alicdn.com\/kf\/Sc352b59b181a40ba977ebd8ccdd0621aC.jpg\" \/><\/p>\n<h1><strong>Microfone para jogos USB\/XLR<\/strong><\/h1>\n<p><span style=\"font-size: 18px;\">O microfone FIFINE AM8, um microfone vers\u00e1til e de alto desempenho projetado para jogos em streaming ao vivo.Com sua interface dupla USB\/XLR, voc\u00ea pode conect\u00e1-lo facilmente diretamente ao seu computador, PS4\/5 ou qualquer dispositivo de grava\u00e7\u00e3o.Nota: cabos XLR n\u00e3o est\u00e3o inclu\u00eddos<\/span><\/p>\n<p>&nbsp;<\/p>\n<p><img decoding=\"async\" src=\"https:\/\/ae01.alicdn.com\/kf\/S6990f4df1f6e41aa8b6255a92349bcc3x.jpg\" \/><img decoding=\"async\" src=\"https:\/\/ae01.alicdn.com\/kf\/Sb902ff17ce134829bfa032742b22f372s.jpg\" \/><\/p>\n<p>&nbsp;<\/p>\n<h1><strong>Teclas de fun\u00e7\u00e3o convenientes<\/strong><\/h1>\n<p><span style=\"font-size: 18px;\">Equipado com teclas de fun\u00e7\u00e3o convenientes que permitem controlar sem esfor\u00e7o o microfone e monitorar o volume.Com apenas um toque, voc\u00ea pode silenciar facilmente o microfone e ajustar a ilumina\u00e7\u00e3o RGB para reduzir a interfer\u00eancia de ru\u00eddo e, ao mesmo tempo, maximizar sua experi\u00eancia de grava\u00e7\u00e3o.<\/span><\/p>\n<p>&nbsp;<\/p>\n<p><img decoding=\"async\" src=\"https:\/\/ae01.alicdn.com\/kf\/S91e0a38a871f42ecada4698a3aa4bc5cX.jpg\" \/><\/p>\n<p>&nbsp;<\/p>\n<h1><strong>Efeito de cor fascinante<\/strong><\/h1>\n<p><span style=\"font-size: 18px;\">Com apenas o toque de um bot\u00e3o, voc\u00ea pode escolher entre uma variedade de efeitos RGB impressionantes. Isso adiciona uma experi\u00eancia visualmente envolvente \u00e0 sua configura\u00e7\u00e3o de grava\u00e7\u00e3o.Efeito de luz RGB deslumbrante com fuselagem preta legal, permite que voc\u00ea nade no mundo do jogo e do anime.<\/span><\/p>\n<p>&nbsp;<\/p>\n<p><img decoding=\"async\" src=\"https:\/\/ae01.alicdn.com\/kf\/Sdba22d32dead40c1af93811de6159500L.jpg\" \/><\/p>\n<p>&nbsp;<\/p>\n<h1><strong>Compatibilidade com v\u00e1rios suportes<\/strong><\/h1>\n<p><span style=\"font-size: 18px;\">O microfone foi projetado para ser vers\u00e1til e adapt\u00e1vel. \u00c9 compat\u00edvel com tamanhos de porca de 3\/8&#8243; e 5\/8&#8243;, permitindo que voc\u00ea alterne facilmente entre suportes de mesa ou bra\u00e7os de lan\u00e7a de acordo com sua prefer\u00eancia.<\/span><\/p>\n<p>&nbsp;<\/p>\n<p><img decoding=\"async\" src=\"https:\/\/ae01.alicdn.com\/kf\/Sdc3baaa5bff34df6b397c44752b36557P.jpg\" \/><\/p>\n<p>&nbsp;<\/p>\n<\/div>\n<\/div>\n","protected":false},"excerpt":{"rendered":"<p>Redu\u00e7\u00e3o eficaz de ru\u00eddo Diga adeus ao ru\u00eddo de fundo indesejado com o recurso eficaz de redu\u00e7\u00e3o de ru\u00eddo do AM8.O algod\u00e3o \u00e0 prova de vento reduz sons e explosivos, garantindo grava\u00e7\u00f5es de \u00e1udio cristalinas. &nbsp; Microfone para jogos USB\/XLR O microfone FIFINE AM8, um microfone vers\u00e1til e de alto desempenho projetado para jogos em &hellip;<\/p>\n","protected":false},"featured_media":14595,"comment_status":"open","ping_status":"closed","template":"","meta":{"_bbp_topic_count":0,"_bbp_reply_count":0,"_bbp_total_topic_count":0,"_bbp_total_reply_count":0,"_bbp_voice_count":0,"_bbp_anonymous_reply_count":0,"_bbp_topic_count_hidden":0,"_bbp_reply_count_hidden":0,"_bbp_forum_subforum_count":0,"om_disable_all_campaigns":false,"_monsterinsights_skip_tracking":false,"_monsterinsights_sitenote_active":false,"_monsterinsights_sitenote_note":"","_monsterinsights_sitenote_category":0},"product_brand":[],"product_cat":[586],"product_tag":[581],"class_list":{"0":"post-14582","1":"product","2":"type-product","3":"status-publish","4":"has-post-thumbnail","6":"product_cat-microfones","7":"product_tag-microfone","9":"first","10":"instock","11":"shipping-taxable","12":"purchasable","13":"product-type-variable"},"aioseo_notices":[],"_links":{"self":[{"href":"https:\/\/obewise.com.br\/index.php\/wp-json\/wp\/v2\/product\/14582","targetHints":{"allow":["GET"]}}],"collection":[{"href":"https:\/\/obewise.com.br\/index.php\/wp-json\/wp\/v2\/product"}],"about":[{"href":"https:\/\/obewise.com.br\/index.php\/wp-json\/wp\/v2\/types\/product"}],"replies":[{"embeddable":true,"href":"https:\/\/obewise.com.br\/index.php\/wp-json\/wp\/v2\/comments?post=14582"}],"wp:featuredmedia":[{"embeddable":true,"href":"https:\/\/obewise.com.br\/index.php\/wp-json\/wp\/v2\/media\/14595"}],"wp:attachment":[{"href":"https:\/\/obewise.com.br\/index.php\/wp-json\/wp\/v2\/media?parent=14582"}],"wp:term":[{"taxonomy":"product_brand","embeddable":true,"href":"https:\/\/obewise.com.br\/index.php\/wp-json\/wp\/v2\/product_brand?post=14582"},{"taxonomy":"product_cat","embeddable":true,"href":"https:\/\/obewise.com.br\/index.php\/wp-json\/wp\/v2\/product_cat?post=14582"},{"taxonomy":"product_tag","embeddable":true,"href":"https:\/\/obewise.com.br\/index.php\/wp-json\/wp\/v2\/product_tag?post=14582"}],"curies":[{"name":"wp","href":"https:\/\/api.w.org\/{rel}","templated":true}]}}